{"id":3414,"date":"2025-07-08T19:18:19","date_gmt":"2025-07-08T19:18:19","guid":{"rendered":"https:\/\/frankafranka.com\/?post_type=product&#038;p=3414"},"modified":"2026-01-19T11:43:25","modified_gmt":"2026-01-19T11:43:25","slug":"serweta-laura","status":"publish","type":"product","link":"https:\/\/frankafranka.com\/pl\/produkt\/serweta-laura\/","title":{"rendered":"Serweta Laura"},"content":{"rendered":"<p>Serweta Laura to subtelne po\u0142\u0105czenie polskiej tradycji z odrobin\u0105 \u015br\u00f3dziemnomorskiego uroku. Inspirowana sielskim latem, haftowanymi obrusami naszych bab\u0107 i spokojem domowego sto\u0142u, wprowadza do wn\u0119trza ciep\u0142o, lekko\u015b\u0107 i r\u0119kodzielniczy charakter.<\/p>\n<p>Wykonana jest z wysokiej jako\u015bci mieszanki lnu i bawe\u0142ny, a jej wzornictwo nawi\u0105zuje do klasycznych form ludowych wazon\u00f3w, ale z nut\u0105 po\u0142udniowego klimatu kraj\u00f3w \u015br\u00f3dziemnomorskich.<\/p>\n<p>To dekoracyjny akcent, kt\u00f3ry pi\u0119knie dope\u0142ni zar\u00f3wno drewniany st\u00f3\u0142 w wiejskim domu, jak i kamienny blat w miejskiej kuchni. B\u0119dzie ozdob\u0105, a przy tym nie przys\u0142oni ca\u0142kowicie pi\u0119knego sto\u0142u. W serwecie Laura po\u0142\u0105czyli\u015bmy to, co bliskie i swojskie, z tym, co przywie\u017ali\u015bmy z \u015br\u00f3dziemnomorskiego stylu \u017cycia.<\/p>\n","protected":false},"excerpt":{"rendered":"<p>PROJEKTOWANE I PRODUKOWANE W POLSCE<br \/>\nMATERIA\u0141: LEN I BAWE\u0141NA<br \/>\nROZMIAR: 90 x 90 cm<br \/>\nKOLORY: NIEBIESKI, NIEBIESKI HAFT<br \/>\nZALECENIA PIEL\u0118GNACYJNE: PRANIE W 30 STOPNIACH W PRALCE (LEN I BAWE\u0141NA W WY\u017bSZYCH TEMPERATURACH MA TENDENCJ\u0118 DO KURCZENIA SI\u0118 O OK 6%), MO\u017bNA U\u017bYWA\u0106 Z ODPLAMIACZEM<\/p>\n","protected":false},"featured_media":3830,"template":"","meta":{"inline_featured_image":false},"product_brand":[],"product_cat":[22],"product_tag":[],"class_list":{"0":"post-3414","1":"product","2":"type-product","3":"status-publish","4":"has-post-thumbnail","6":"product_cat-tekstylia","8":"first","9":"outofstock","10":"shipping-taxable","11":"purchasable","12":"product-type-simple"},"_links":{"self":[{"href":"https:\/\/frankafranka.com\/pl\/wp-json\/wp\/v2\/product\/3414","targetHints":{"allow":["GET"]}}],"collection":[{"href":"https:\/\/frankafranka.com\/pl\/wp-json\/wp\/v2\/product"}],"about":[{"href":"https:\/\/frankafranka.com\/pl\/wp-json\/wp\/v2\/types\/product"}],"wp:featuredmedia":[{"embeddable":true,"href":"https:\/\/frankafranka.com\/pl\/wp-json\/wp\/v2\/media\/3830"}],"wp:attachment":[{"href":"https:\/\/frankafranka.com\/pl\/wp-json\/wp\/v2\/media?parent=3414"}],"wp:term":[{"taxonomy":"product_brand","embeddable":true,"href":"https:\/\/frankafranka.com\/pl\/wp-json\/wp\/v2\/product_brand?post=3414"},{"taxonomy":"product_cat","embeddable":true,"href":"https:\/\/frankafranka.com\/pl\/wp-json\/wp\/v2\/product_cat?post=3414"},{"taxonomy":"product_tag","embeddable":true,"href":"https:\/\/frankafranka.com\/pl\/wp-json\/wp\/v2\/product_tag?post=3414"}],"curies":[{"name":"wp","href":"https:\/\/api.w.org\/{rel}","templated":true}]}}

<p>Serweta Laura to subtelne połączenie polskiej tradycji z odrobiną śródziemnomorskiego uroku. Inspirowana sielskim latem, haftowanymi obrusami naszych babć i spokojem domowego stołu, wprowadza do wnętrza ciepło, lekkość i rękodzielniczy charakter.</p>
<p>Wykonana jest z wysokiej jakości mieszanki lnu i bawełny, a jej wzornictwo nawiązuje do klasycznych form ludowych wazonów, ale z nutą południowego klimatu krajów śródziemnomorskich.</p>
<p>To dekoracyjny akcent, który pięknie dopełni zarówno drewniany stół w wiejskim domu, jak i kamienny blat w miejskiej kuchni. Będzie ozdobą, a przy tym nie przysłoni całkowicie pięknego stołu. W serwecie Laura połączyliśmy to, co bliskie i swojskie, z tym, co przywieźliśmy z śródziemnomorskiego stylu życia.</p>

<p>PROJEKTOWANE I PRODUKOWANE W POLSCE<br />
MATERIAŁ: LEN I BAWEŁNA<br />
ROZMIAR: 90 x 90 cm<br />
KOLORY: NIEBIESKI, NIEBIESKI HAFT<br />
ZALECENIA PIELĘGNACYJNE: PRANIE W 30 STOPNIACH W PRALCE (LEN I BAWEŁNA W WYŻSZYCH TEMPERATURACH MA TENDENCJĘ DO KURCZENIA SIĘ O OK 6%), MOŻNA UŻYWAĆ Z ODPLAMIACZEM</p>
