{"id":3055,"date":"2024-12-11T10:51:38","date_gmt":"2024-12-11T10:51:38","guid":{"rendered":"https:\/\/frankafranka.com\/?post_type=product&#038;p=3055"},"modified":"2025-12-02T15:05:09","modified_gmt":"2025-12-02T15:05:09","slug":"para-rekawic-kuchennych","status":"publish","type":"product","link":"https:\/\/frankafranka.com\/pl\/produkt\/para-rekawic-kuchennych\/","title":{"rendered":"Para r\u0119kawic kuchennych"},"content":{"rendered":"<p>ZESTAW NASZYCH BESTSELLEROWYCH R\u0118KAWIC KUCHENNYCH TO STRZA\u0141 W DZIESI\u0104TK\u0118 DLA KA\u017bDEGO, KTO LUBI TWORZY\u0106 INDYWIDUALNE SETY. W ZESTAWIE ZNAJDZIESZ DWIE R\u0118KAWICE, W KONFIGURACJI WYBRANEJ PRZEZ CIEBIE. CO DWIE R\u0118KAWICE TO NIE JEDNA A ZESTAW ZAPEWNIA MAKSYMALN\u0104 OCHRON\u0118 PODCZAS PIECZENIA I GOTOWANIA. MIKSUJ JAK CHCESZ, WYBIERZ KOMPLET, K\u00d3RY NAJBARDZIEJ DO CIEBIE PASUJE.<\/p>\n","protected":false},"excerpt":{"rendered":"<p>Projektowane i produkowane w Polsce<br \/>\nMateria\u0142: 100% bawe\u0142na, wype\u0142nienie poliester<br \/>\nRozmiar: uniwersalny<br \/>\nKolory: \u017bale\u017cne od wybranej konfiguracji produktu<br \/>\nZalecenia piel\u0119gnacyjne: Pranie w 30 stopniach w pralce (bawe\u0142na w wy\u017cszych temperaturach ma tendencj\u0119 do kurczenia si\u0119 o ok 6%), prasowanie na niskiej temperaturze<\/p>\n","protected":false},"featured_media":3068,"template":"","meta":{"inline_featured_image":false},"product_brand":[],"product_cat":[22],"product_tag":[],"class_list":{"0":"post-3055","1":"product","2":"type-product","3":"status-publish","4":"has-post-thumbnail","6":"product_cat-tekstylia","8":"first","9":"instock","10":"shipping-taxable","11":"purchasable","12":"product-type-variable"},"_links":{"self":[{"href":"https:\/\/frankafranka.com\/pl\/wp-json\/wp\/v2\/product\/3055","targetHints":{"allow":["GET"]}}],"collection":[{"href":"https:\/\/frankafranka.com\/pl\/wp-json\/wp\/v2\/product"}],"about":[{"href":"https:\/\/frankafranka.com\/pl\/wp-json\/wp\/v2\/types\/product"}],"wp:featuredmedia":[{"embeddable":true,"href":"https:\/\/frankafranka.com\/pl\/wp-json\/wp\/v2\/media\/3068"}],"wp:attachment":[{"href":"https:\/\/frankafranka.com\/pl\/wp-json\/wp\/v2\/media?parent=3055"}],"wp:term":[{"taxonomy":"product_brand","embeddable":true,"href":"https:\/\/frankafranka.com\/pl\/wp-json\/wp\/v2\/product_brand?post=3055"},{"taxonomy":"product_cat","embeddable":true,"href":"https:\/\/frankafranka.com\/pl\/wp-json\/wp\/v2\/product_cat?post=3055"},{"taxonomy":"product_tag","embeddable":true,"href":"https:\/\/frankafranka.com\/pl\/wp-json\/wp\/v2\/product_tag?post=3055"}],"curies":[{"name":"wp","href":"https:\/\/api.w.org\/{rel}","templated":true}]}}

Para rękawic kuchennych

<p>ZESTAW NASZYCH BESTSELLEROWYCH RĘKAWIC KUCHENNYCH TO STRZAŁ W DZIESIĄTKĘ DLA KAŻDEGO, KTO LUBI TWORZYĆ INDYWIDUALNE SETY. W ZESTAWIE ZNAJDZIESZ DWIE RĘKAWICE, W KONFIGURACJI WYBRANEJ PRZEZ CIEBIE. CO DWIE RĘKAWICE TO NIE JEDNA A ZESTAW ZAPEWNIA MAKSYMALNĄ OCHRONĘ PODCZAS PIECZENIA I GOTOWANIA. MIKSUJ JAK CHCESZ, WYBIERZ KOMPLET, KÓRY NAJBARDZIEJ DO CIEBIE PASUJE.</p>

<p>Projektowane i produkowane w Polsce<br />
Materiał: 100% bawełna, wypełnienie poliester<br />
Rozmiar: uniwersalny<br />
Kolory: Żależne od wybranej konfiguracji produktu<br />
Zalecenia pielęgnacyjne: Pranie w 30 stopniach w pralce (bawełna w wyższych temperaturach ma tendencję do kurczenia się o ok 6%), prasowanie na niskiej temperaturze</p>
