{"id":1914,"date":"2024-11-14T09:58:58","date_gmt":"2024-11-14T09:58:58","guid":{"rendered":"https:\/\/frankafranka.com\/?post_type=product&#038;p=1914"},"modified":"2025-12-02T14:33:52","modified_gmt":"2025-12-02T14:33:52","slug":"fartuch-rosa","status":"publish","type":"product","link":"https:\/\/frankafranka.com\/pl\/produkt\/fartuch-rosa\/","title":{"rendered":"Fartuch Rosa"},"content":{"rendered":"<p><span style=\"font-weight: 400;\">Fartuch kuchenny Rosa \u0142\u0105czy funkcjonalno\u015b\u0107 z subtelnym stylem. Wykonany z mi\u0119kkiej bawe\u0142ny, skutecznie chroni ubranie podczas gotowania. Delikatna r\u00f3\u017cowa krata dodaje uroku ka\u017cdej kuchni i sprawia, \u017ce gotowanie staje si\u0119 przyjemno\u015bci\u0105. D\u0142ugi pasek i praktyczna kiesze\u0144 zapewniaj\u0105 wygod\u0119 i swobod\u0119 ruch\u00f3w. Idealny wyb\u00f3r dla mi\u0142o\u015bnik\u00f3w estetyki i komfortu.<\/span><\/p>\n","protected":false},"excerpt":{"rendered":"<p>Projektowane i produkowane w Polsce<br \/>\nMateria\u0142: 100% bawe\u0142na<br \/>\nRozmiar: uniwersalny<br \/>\nKolory: naturalna bawe\u0142na, r\u00f3\u017cowo-r\u00f3\u017cowy zadruk<br \/>\nZalecenia piel\u0119gnacyjne: Pranie w 30 stopniach w pralce (bawe\u0142na w wy\u017cszych temperaturach ma tendencj\u0119 do kurczenia si\u0119 o ok 6%), prasowanie na lewej stronie<\/p>\n","protected":false},"featured_media":2287,"template":"","meta":{"inline_featured_image":false},"product_brand":[],"product_cat":[22],"product_tag":[],"class_list":{"0":"post-1914","1":"product","2":"type-product","3":"status-publish","4":"has-post-thumbnail","6":"product_cat-tekstylia","8":"first","9":"instock","10":"shipping-taxable","11":"purchasable","12":"product-type-simple"},"_links":{"self":[{"href":"https:\/\/frankafranka.com\/pl\/wp-json\/wp\/v2\/product\/1914","targetHints":{"allow":["GET"]}}],"collection":[{"href":"https:\/\/frankafranka.com\/pl\/wp-json\/wp\/v2\/product"}],"about":[{"href":"https:\/\/frankafranka.com\/pl\/wp-json\/wp\/v2\/types\/product"}],"wp:featuredmedia":[{"embeddable":true,"href":"https:\/\/frankafranka.com\/pl\/wp-json\/wp\/v2\/media\/2287"}],"wp:attachment":[{"href":"https:\/\/frankafranka.com\/pl\/wp-json\/wp\/v2\/media?parent=1914"}],"wp:term":[{"taxonomy":"product_brand","embeddable":true,"href":"https:\/\/frankafranka.com\/pl\/wp-json\/wp\/v2\/product_brand?post=1914"},{"taxonomy":"product_cat","embeddable":true,"href":"https:\/\/frankafranka.com\/pl\/wp-json\/wp\/v2\/product_cat?post=1914"},{"taxonomy":"product_tag","embeddable":true,"href":"https:\/\/frankafranka.com\/pl\/wp-json\/wp\/v2\/product_tag?post=1914"}],"curies":[{"name":"wp","href":"https:\/\/api.w.org\/{rel}","templated":true}]}}

<p><span style="font-weight: 400;">Fartuch kuchenny Rosa łączy funkcjonalność z subtelnym stylem. Wykonany z miękkiej bawełny, skutecznie chroni ubranie podczas gotowania. Delikatna różowa krata dodaje uroku każdej kuchni i sprawia, że gotowanie staje się przyjemnością. Długi pasek i praktyczna kieszeń zapewniają wygodę i swobodę ruchów. Idealny wybór dla miłośników estetyki i komfortu.</span></p>

<p>Projektowane i produkowane w Polsce<br />
Materiał: 100% bawełna<br />
Rozmiar: uniwersalny<br />
Kolory: naturalna bawełna, różowo-różowy zadruk<br />
Zalecenia pielęgnacyjne: Pranie w 30 stopniach w pralce (bawełna w wyższych temperaturach ma tendencję do kurczenia się o ok 6%), prasowanie na lewej stronie</p>
